et u = -5 + 9. Suppose -u*x - v = v - 132, -5*x + 174 = -2*v. Suppose 2*a + 2 = x. What is the units digit of a?
6
What is the tens digit of (1 - 382/(-4))/((-4)/(-8))?
9
Let q be 1/(-1)*(6 - 10). Suppose -r = 3*b - 74, 3*r - 205 = -q*b + 2. What is the units digit of r?
5
Suppose 10*y + 3*h = 5*y - 13, 0 = -4*y + 4*h - 36. Let d = -1 - y. Suppose -v + 31 = -d*q, -v = -2*q - 12 - 9. What is the units digit of v?
1
Let h = 25 + 11. Let q be 1/4 + 1575/h. Suppose 0 = -5*r + q + 46. What is the units digit of r?
8
Let o(m) = -m**2 + 15*m + 2. Let w be o(14). Let h be (-68)/(-16) - 4/w. What is the tens digit of ((-33)/(-6))/(h/16)?
2
Suppose 3*w + 3*x + 375 = 0, 2*w - 4*w + 5*x = 278. Let d = -54 - w. What is the tens digit of d?
7
Suppose -3*j + 11 = -o, -3*j = 5*o - 3 + 4. What is the units digit of o/((-4)/10)*(-14 + 46)?
0
Let u(p) = -2*p - 7. Let r be u(-4). Let n = 85 + r. Suppose g - 44 = -f, 4*g - n = -3*f + 89. What is the tens digit of g?
4
What is the hundreds digit of 153 + -4 + 8 + -6?
1
Let d be 87/27 + 6/(-27). Let n = 4 + d. Suppose -4*m = -n - 29. What is the units digit of m?
9
Let l(g) = 22*g**2 + 5*g - 18. Let s(m) = 7*m**2 + 2*m - 6. Let y(j) = 6*l(j) - 17*s(j). What is the hundreds digit of y(5)?
2
Suppose 0 = -5*c - 20, 4*x - 151 = -4*c + 45. What is the tens digit of x - (-2 + (-3 - -3))?
5
Suppose 2*c = -5*s + 1479 + 3471, -12360 = -5*c - 5*s. What is the thousands digit of c?
2
Suppose 4*y = -4*u + 3392, 0*u + 5 = 5*u. What is the units digit of y?
7
Let x be ((-2)/(-6))/((-3)/45). Let t(d) = 3*d**2 + 5*d + 8. What is the units digit of t(x)?
8
Let k = 5821 + -2888. What is the hundreds digit of k?
9
Suppose -9*k + 16 = -k. Let l(b) = -b + 3*b**2 + 1 - b + 4*b**k + 0. What is the tens digit of l(2)?
2
Suppose 9*a - 3*f - 24 = 4*a, 5*f - 22 = -2*a. Suppose -4*p + 2*p = 2*z - 20, 0 = -5*z + 15. Suppose -a = 5*h - p*h. What is the units digit of h?
3
Suppose 0 = -4*l + l + 873. What is the tens digit of 5/(-10) - (l/(-6))/1?
4
Let t(b) = -2*b**3 - 3*b**2 - 16*b + 10. What is the units digit of t(-10)?
0
Suppose -10782 = -4*m + s, -8 = 35*s - 31*s. What is the units digit of m?
5
Suppose -2*a - 3*r + 3 = a, -2*a + r = -8. Suppose -a*f - 79 = -391. What is the units digit of f?
4
Suppose -41 + 161 = 6*o. Let i = o + -1. What is the tens digit of i?
1
Let p be (4/6)/(10/30). Suppose -3*m - 19 = -2*n - 3*n, n - p*m = 1. Suppose -2*v - 65 = -5*u, 0*u - 4*u + n*v = -69. What is the units digit of u?
1
Let w(j) = 2*j**2 + 1. Let a be w(-1). Suppose 5*x = 3*b - 8, 0 = -5*x - a - 2. Let f = 21 - b. What is the tens digit of f?
2
Let n = -8 - -49. Let q be (2 - 1)*(n + 4). Suppose -2*f - 3*f = -q. What is the units digit of f?
9
Let v(d) = 5*d**2 + 2*d + 1. Suppose -2*i = 2*a + 2*i - 22, -5*a = 5*i - 30. Let z(h) = h**2 - h. Let l(t) = a*v(t) - 6*z(t). What is the units digit of l(8)?
1
Let f(d) = -26*d + 523. What is the hundreds digit of f(11)?
2
Suppose -i - 541 = -u + 3*i, i = -3. What is the tens digit of u?
2
Let y be (-4)/(-5)*30/4 + -1. Suppose -5*c - m = -445, -4*c - 89 = -y*c - 3*m. What is the tens digit of c?
8
Let u(a) = -148*a**2 + 5*a - 5. Let d be u(1). What is the tens digit of (1 - (d + -4)) + 1?
5
Suppose 842 = -0*l + 2*l. What is the units digit of l?
1
Let j = 2 + 1. Suppose j*r = -6 + 15. Suppose 2*v + 61 = r*t, -t + 48 = 3*t + 4*v. What is the tens digit of t?
1
Let w(g) = -g**3 + 6*g**2 - 5*g - 4. Let c be 28/8*16/14. Let p be w(c). Suppose 2*q - 92 = -2*l, -3*l + p*l = -3*q + 128. What is the units digit of q?
1
Suppose -d = 1 + 2, w + 3*d = 321. What is the hundreds digit of w?
3
Suppose -1485 = 4*q - 421. Let d = q + 507. What is the hundreds digit of d?
2
Suppose 77 = 579*z - 572*z. What is the tens digit of z?
1
Let o = -80 - -79. What is the units digit of 2*(59 - (o - -1))?
8
Suppose -110 = -b - 4*b - 5*c, -102 = -5*b + 3*c. What is the tens digit of b?
2
Suppose o = -2*f + 68 + 12, 160 = 2*o - 2*f. What is the hundreds digit of o/2*5/20*21?
2
Suppose 0 = -0*f - 4*f + 320. Let u = -32 + f. What is the tens digit of u?
4
Let h(t) = 2*t + 9. Let w be h(-6). Let o(m) = -43*m - 1. What is the hundreds digit of o(w)?
1
What is the units digit of ((-12)/42 - (-443)/7)*2?
6
Suppose 0 = -p + 2*p + 7. Let i = 9 - p. Let c = i - 2. What is the tens digit of c?
1
Let p be 2/(-8) + (-399)/(-12). Let q be p/12 - (-9)/(-12). What is the units digit of 1 + (q + 1 - -23)?
7
Let k(h) = -h**2 - 12*h + 2. Let s be k(-12). What is the tens digit of s/(0 - (-10)/355)?
7
Let m(d) = -25*d - 2*d - 31*d - 2*d**2 - 39. What is the tens digit of m(-26)?
1
Let m(t) = -t**2 - 3*t - 2. Let z be m(-1). Suppose z = -2*s + 7*s - 140. What is the tens digit of 4/(-4) + 4 + s?
3
Let c(z) = -6*z**3 - 2*z**2 - 5*z + 2. Let i be 1*(2 - 1)/(-1) + -2. What is the tens digit of c(i)?
6
Let q = 16 + -17. Let i(n) = -47*n + 1. What is the units digit of i(q)?
8
Let g(l) = -149*l + 3. Let p be g(-3). Suppose p = h + 4*h. What is the units digit of h/(-4)*(-6)/3?
5
Let b be 3/6*264/4. Let p = b - 39. What is the tens digit of (30/(-4))/(p/32)?
4
Let u(f) = -f**3 + 4*f**2 + 4*f - 10. Let a be u(8). Let w = a - -328. What is the units digit of w?
4
Suppose 0 = -5*h + 5*g - 10, -2 = 2*h + g - 1. Let s be (1008/5)/4 + 2/(-5). What is the tens digit of h/6*-3*s?
2
Let q = 16653 + -11465. What is the thousands digit of q?
5
Suppose 4*o - 134 = -5*j, -2*o - 95 = -4*j + 33. Let r be (-4)/(-18) + (2 - 1290/(-27)). Let h = r - j. What is the tens digit of h?
2
Suppose 0 = -3*l + x + 5795, -l - 4*x + 956 + 980 = 0. What is the thousands digit of l?
1
Suppose -62 - 28 = -9*s. Suppose s*b - 608 = 12. What is the tens digit of b?
6
Let x(i) = -2*i**3 - 7*i**2 + 11*i + 26. Let c(l) = 4*l**3 + 13*l**2 - 22*l - 51. Let w(a) = -4*c(a) - 7*x(a). What is the units digit of w(-5)?
2
Let j(b) = 2*b**3 - 4*b**2 + 6*b - 18. Let o be j(6). Let c = o - 168. What is the hundreds digit of c?
1
Suppose -l + 8 = x, 5*x - 4 = 2*l + 15. Let s be -4 + (-3)/2*-6. Suppose -x*y + 5*m + 50 = 0, 3*m = -y + m - s. What is the units digit of y?
5
Let d = -29 - -31. Suppose d*k - 2*t - 12 = 0, 2*k + k + t - 22 = 0. What is the units digit of k?
7
What is the tens digit of (-1)/(8/(-5412)) + 4/8?
7
Let g be -7*-1*4/2. Let z be (-4)/g - (-23)/7. Suppose n + 70 = z*n. What is the tens digit of n?
3
Suppose -3*c - 5*p = -45, 11*c - 6*c - 2*p = 106. What is the tens digit of c?
2
Let a(h) = 4*h**2 + 5*h - 9. Let z(s) = s**3 - 11*s**2 - 16*s + 26. Let n(k) = -7*a(k) - 2*z(k). What is the hundreds digit of n(-5)?
1
Let p(r) = -r**3 - 9*r**2 + 11*r + 13. Let y = -25 + 15. Let v be p(y). Suppose -2*l + v*l - 15 = 0. What is the units digit of l?
5
Suppose -2*k = 2*a - 132, 5*a - 196 = -k - 2*k. Suppose -45 = -s + k. What is the tens digit of s?
1
Let p(x) = 676*x**2 + 9*x + 9. What is the units digit of p(-1)?
6
Let o = 499 - 344. What is the hundreds digit of o?
1
Let q(f) = f**3 + 42*f**2 + 65*f - 54. What is the units digit of q(-40)?
6
Suppose 22*v = 19*v - 6. Let j(p) = -6*p - 6 + 3 + 1. What is the tens digit of j(v)?
1
Let j(y) = -2*y**2 + 3*y - 2. Let f be j(1). Let h = f + -5. Let k = 15 - h. What is the units digit of k?
1
Let v be (-2904)/16*(-20)/(-3). Let s be 1/2 - v/(-20). What is the units digit of (-1388)/s + 2/(-15)?
3
Let o(i) = i**2 - 4. Let l be o(-3). Suppose 0 = -l*z + 23 + 7. Suppose -z*a = 41 - 143. What is the units digit of a?
7
Let r(j) = j**3 - 10*j**2 - 15*j - 11. Let u be r(11). Let f(p) = p**3 + 10*p**2 + 4*p + 7. Let z be f(-10). Let d = z - u. What is the units digit of d?
2
Suppose -4*i + 44 = -40. Suppose 201 = 3*o - i. What is the units digit of o?
4
What is the tens digit of (-4)/16 + (-44)/16 + 532?
2
Suppose 17*u - 5358 = 371. What is the tens digit of u?
3
Suppose o - 5 = -0*o, -2*c + 2*o - 10 = 0. Suppose -a + 0*a + 2 = c, 2*a + 40 = 4*y. What is the units digit of y?
1
Let f = -8 - -7. Let q be 4/(-6)*(-4 - f). Suppose -12 = -l - 6*g + 2*g, 0 = q*g + 6. What is the tens digit of l?
2
Suppose 4*t + 10 = 10. Suppose u - 48 = 2*q, 270 = 5*u - 4*q - t*q. What is the units digit of u?
8
Let o = 7124 + -4295. What is the units digit of o?
9
Let d(w) = 5*w**2 - 11*w - 51. What is the tens digit of d(-12)?
0
Let c(g) = 7*g**2 - g**2 + 0*g + g**3 + 5*g. Let 